 Suppose 7*s - 2*s + 90 = 0. Let c be s/(-14) + (-8)/28. What is the remainder when 14 is divided by h(c)?
4
Let f(o) = -4*o + 0*o + 0*o - 8*o**2 + 0*o**3 + 13 + o**3. What is the remainder when f(9) is divided by 20?
18
Suppose -2*r - 35 = -n, -5*n + 87 = -4*r - 58. What is the remainder when 74 is divided by n?
24
What is the remainder when 6/3 - 8/(-8) is divided by 2?
1
Suppose -y = -5*y + 20. Let g(d) = 2*d**2 + 2. Let k be g(3). Let p = k - 12. Calculate the remainder when p is divided by y.
3
Suppose -4*g + 6*g - 4 = 0. What is the remainder when 7 is divided by g?
1
Let j(t) = -t - 2. Let d be j(-6). Suppose -d*u + 45 + 3 = 0. Suppose -5*g + u = -8. What is the remainder when 15 is divided by g?
3
Suppose 0 = 5*s - 9*s + 8. Calculate the remainder when 26 is divided by 1/(2/s) - -6.
5
Let i(k) be the first derivative of k**4/4 + 7*k**3/3 + k**2 - 1. Let l be i(-6). Suppose 0*d - 3*d = -l. Calculate the remainder when 14 is divided by d.
6
Let i = -73 - -149. What is the remainder when i is divided by 26?
24
Suppose -3*z - 7 = -2*z - 4*q, 0 = -5*z + 5*q + 10. Suppose -5*o = -t - 23, 4*t - 3 - 1 = -4*o. Calculate the remainder when z is divided by o.
1
Let f = -47 + 89. Calculate the remainder when f is divided by 12 - ((-1 - -1) + 1).
9
Suppose 11*d - 8*d = 18. Suppose 3*n = d*n - 12. What is the remainder when 6 is divided by n?
2
Let s = 5 + 0. Suppose -113 = -s*o + 42. What is the remainder when o is divided by 11?
9
What is the remainder when 14 is divided by (2/(-2))/(10/(-40))?
2
Let b = -210 + 253. Let p(d) = 18*d**2 + 1. Let g be p(1). Suppose 3*i - g = 14. What is the remainder when b is divided by i?
10
Let g = -20 + 12. Calculate the remainder when (-1)/((g/(-10))/(-4)) is divided by 2.
1
Suppose 3*c - 6 = 24. Let q = 5 - -1. What is the remainder when c is divided by q?
4
What is the remainder when 74 is divided by -7*(5/(-35) + -2)?
14
Let h(w) = -w**2 - 6*w - 7. Let r be h(-4). Let k(f) = -4*f**2 + 3*f**3 + 4*f**2 - f**2 + f. Calculate the remainder when k(r) is divided by 2.
1
Suppose -3*w = 4*u - 30, 3*u - u = -2*w + 14. Calculate the remainder when 15 is divided by u.
6
Suppose -6*u + 4*u = -y - 281, 0 = 4*u - 5*y - 559. Calculate the remainder when u is divided by 36.
33
What is the remainder when 71 is divided by (-6 - -1)*((-180)/(-25))/(-2)?
17
Let m be (-2)/3*3*-10. Suppose -5*s = -s - m. Calculate the remainder when 1/(-2*(-1)/26) is divided by s.
3
Let d(f) = -f**2 + 6*f + 1. Suppose 5*h - 3*h + 2 = 0. What is the remainder when (45 + h)*(-1)/(-2) is divided by d(5)?
4
Let b(i) = i + 4. Let y(t) = t**3 + 6*t**2 + 4. What is the remainder when b(3) is divided by y(-6)?
3
Let u = 0 + -1. Let n = u + 80. Calculate the remainder when n is divided by 20.
19
Let d(u) = u**2 + 6*u + 4. Suppose 19 = -4*m + 3. Let l be d(m). Let g = l - -7. Calculate the remainder when g is divided by 2.
1
Calculate the remainder when 158 is divided by (72/90)/(1/25).
18
Let z = -3 - -27. Calculate the remainder when 95 is divided by z.
23
Let c(u) = 2*u + 3. Let o = 3 + 6. Let s be c(o). Let i = 9 + s. What is the remainder when i is divided by 11?
8
Let p(i) = -i**3 + 6*i**2 - 5*i + 4. Let h be p(5). Suppose -2*y + 13 = -2*w - 9, 0 = 5*y + h*w - 19. Calculate the remainder when 18 is divided by y.
4
Let o = -5 + 13. What is the remainder when o is divided by 2?
0
Suppose 0*w = w - 43. Let i = 62 - w. Calculate the remainder when i is divided by 7.
5
Let g = 73 + -61. Let i(p) = 8*p**3 - p**2. Calculate the remainder when g is divided by i(1).
5
What is the remainder when 4 is divided by 6*((-18)/(-4) - 4)?
1
Let h(j) = 7*j - 1. Let u(g) = -g + 2. Let z be u(0). Suppose -3*c - 2*b + 15 = 4, 2*c = z*b - 6. Calculate the remainder when 17 is divided by h(c).
5
Let k = 123 - 87. Let w = -93 + 106. Calculate the remainder when k is divided by w.
10
Let o(j) = -j + 81. Calculate the remainder when o(0) is divided by 21.
18
Suppose 0 = -x - 0*b + 3*b + 6, 3*b = 6. What is the remainder when 58 is divided by x?
10
Suppose -3*p = -0*p + 12. Let g(b) = -b**2 - 5*b - 3. Calculate the remainder when g(-4) is divided by p - -1 - -2 - -2.
0
Let p(h) = 16*h - 16. Let k(s) = 4*s + 1. Let y be k(1). Suppose 3*d + 2 = -x + 8, -2*x - y*d = -13. What is the remainder when p(2) is divided by x?
7
Suppose 16*h - 19*h = -33. Suppose -2*y + 58 = 5*g - 51, 4*g + y - 86 = 0. What is the remainder when g is divided by h?
10
Let m(f) = f**3 - 5*f**2 - 2 - 2 + 3*f - f**2. Let t = -13 - -19. Calculate the remainder when m(t) is divided by 5.
4
Calculate the remainder when 19/((-2)/(-10)*5) is divided by 12.
7
Let n(o) = -o**3 - 6*o**2 + 5. Let x be n(-5). Let h = -4 - x. Suppose 15 = 2*v + 3. What is the remainder when h is divided by v?
4
Let g be -28*(2 + -1)*-1. Let p = 39 - g. What is the remainder when 21 is divided by p?
10
Let p = -3 - 0. Let q = 20 - 3. Calculate the remainder when (1 + -3 - p)*49 is divided by q.
15
Let f = 8 - -18. Let q(o) = -15*o**3 - 2*o**2 - 2*o - 1. Suppose -4*y = -6*h + h + 4, 0 = 4*y - 2*h + 4. What is the remainder when f is divided by q(y)?
12
Suppose -3*v + 0*v = -n + 12, 3*n + 3*v - 36 = 0. What is the remainder when 44 is divided by n?
8
Let c be -1 - 6*(-6)/(-9). Let d = c - -22. Let t(p) = 2*p**2 - 3*p. Calculate the remainder when d is divided by t(3).
8
Suppose -5*t = 5*x - 45, 5*x + 0*x - 49 = -t. What is the remainder when 15 is divided by x?
5
Let g = -24 - -28. Calculate the remainder when 46 is divided by g.
2
Let g(v) = v**2 + 3*v - 4. Let x(r) = r**2 + 6*r + 1. Let s be x(-5). Let y be g(s). Suppose u - 2*u + 7 = y. Calculate the remainder when 27 is divided by u.
6
Calculate the remainder when 23 is divided by (-120)/18*6/(-5).
7
Let c = 22 + -8. What is the remainder when c is divided by 0 - (-5)/(2 + -1)?
4
Suppose 5*l = -0*l + 45. What is the remainder when ((-50)/3)/(2/(-3)) is divided by l?
7
Let a = -116 + 244. Calculate the remainder when a is divided by 26.
24
Suppose -z - 3*z = -252. Suppose -3*w + 24 = -z. Calculate the remainder when 113 is divided by w.
26
Let j be 1/2*4*2. Suppose 0 = j*a - a - 93. Suppose -3*m - 7 = 5*x - 70, 3*m + 3*x - 57 = 0. Calculate the remainder when a is divided by m.
15
Suppose 0*b + 2*b = 490. Suppose -5*s - 3 + 52 = o, -5*s = 5*o - b. Calculate the remainder when o is divided by 13.
10
Let o = 72 + -49. Calculate the remainder when 90 is divided by o.
21
Let z = 67 - 29. Calculate the remainder when 111 is divided by z.
35
Let c = -49 + 29. Let n(y) = 32*y**2 + 2*y - 1. Let h be n(1). Let l = h + c. What is the remainder when 38 is divided by l?
12
Suppose -9*f - 67 = -364. Calculate the remainder when 164 is divided by f.
32
Suppose j = 5*p + 33, -15 = 4*p - 0*j + 3*j. Let b(f) = -f**3 - 6*f**2 - 9*f - 5. Calculate the remainder when b(p) is divided by 17.
15
Let a be (-94)/8 - 1/4. Suppose h = -5 + 3. Let m = h - a. Calculate the remainder when m is divided by 6.
4
Let u = -75 - -160. What is the remainder when u is divided by 43?
42
Suppose -5*y = -4*y - 14. Calculate the remainder when 55 is divided by y.
13
Let r be (-8)/(-52) - (-423)/39. Let a(m) = m**2 - 10*m - 5. Calculate the remainder when 23 is divided by a(r).
5
Suppose 2*x - 7 - 25 = 0. Calculate the remainder when 47 is divided by x.
15
Let w = -80 + 135. What is the remainder when w is divided by 14?
13
Suppose -6*m + m - 65 = -5*v, -v + 2*m + 13 = 0. Let w = 8 + -4. Suppose 3*u - 103 - 9 = k, 0 = u + w*k - 33. Calculate the remainder when u is divided by v.
11
Let m(r) = r**3 - r**2 - r + 7. What is the remainder when 19 is divided by m(0)?
5
Calculate the remainder when 49 is divided by (2 - 4)/(3/(-15)).
9
Let k(f) = -35*f + 13. Calculate the remainder when k(-2) is divided by 15.
8
Let w(h) = -4 - h + 0*h + 0*h + 2*h. Let t be w(4). Calculate the remainder when (t - 1)*(-35 + 2) is divided by 9.
6
Suppose -4*j + 5*j - 76 = 0. Let x = j - 53. Calculate the remainder when x is divided by 8.
7
Calculate the remainder when (-690)/(-12)*(-16)/(-10) is divided by 24.
20
Let x = 38 + -24. Let d = x + -5. Let o = 54 - 28. What is the remainder when o is divided by d?
8
Let r(p) = -p**3 - 6*p**2 - 6*p - 2. Let q be r(-5). Suppose 76 = q*y + 4*i, i = -0*i - 2. Calculate the remainder when y is divided by 15.
1